{"id":375,"date":"2011-01-21T17:48:36","date_gmt":"2011-01-21T16:48:36","guid":{"rendered":"http:\/\/www.horsdoeuvre.fr\/wp-content\/uploads\/6.jpg"},"modified":"2011-01-21T17:48:36","modified_gmt":"2011-01-21T16:48:36","slug":"6","status":"inherit","type":"attachment","link":"https:\/\/www.horsdoeuvre.fr\/ru\/6\/","title":{"rendered":"Le guarana des Sater\u00e9-Maw\u00e9"},"author":16,"comment_status":"open","ping_status":"open","template":"","meta":{"_acf_changed":false,"om_disable_all_campaigns":false,"_monsterinsights_skip_tracking":false,"_monsterinsights_sitenote_active":false,"_monsterinsights_sitenote_note":"","_monsterinsights_sitenote_category":0},"translation":{"provider":"WPGlobus","version":"3.0.2","language":"ru","enabled_languages":["fr","ru"],"languages":{"fr":{"title":true},"ru":{"title":false}}},"acf":[],"aioseo_notices":[],"description":{"rendered":"<p class=\"attachment\"><a href='https:\/\/www.horsdoeuvre.fr\/wp-content\/uploads\/6-e1295628550846.jpg'><img loading=\"lazy\" decoding=\"async\" width=\"191\" height=\"125\" src=\"https:\/\/www.horsdoeuvre.fr\/wp-content\/uploads\/6-191x125.jpg\" class=\"attachment-medium size-medium\" alt=\"Jo\u00e3o Luiz Bulc\u00e3o - Le guarana des Sater\u00e9-Maw\u00e9 - 2009 \u00a9 J.L. Bulc\u00e3o et Antoine Olivier\" srcset=\"https:\/\/www.horsdoeuvre.fr\/wp-content\/uploads\/6-191x125.jpg 191w, https:\/\/www.horsdoeuvre.fr\/wp-content\/uploads\/6-459x300.jpg 459w, https:\/\/www.horsdoeuvre.fr\/wp-content\/uploads\/6-e1295628550846.jpg 270w\" sizes=\"(max-width: 191px) 100vw, 191px\" \/><\/a><\/p>\n<p>Les Gardiens de l&#8217;Amazonie, \u00e9ditions Autres Br\u00e9sils, 2010<\/p>\n"},"caption":{"rendered":"<p>Jo\u00e3o Luiz Bulc\u00e3o &#8212; Le guarana des Sater\u00e9-Maw\u00e9 &#8212; 2009 \u00a9 J.L. Bulc\u00e3o et Antoine Olivier<\/p>\n"},"alt_text":"Jo\u00e3o Luiz Bulc\u00e3o - Le guarana des Sater\u00e9-Maw\u00e9 - 2009 \u00a9 J.L. Bulc\u00e3o et Antoine Olivier","media_type":"image","mime_type":"image\/jpeg","media_details":{"width":"270","height":"176","hwstring_small":"height='83' width='128'","file":"6-e1295628550846.jpg","sizes":{"thumbnail":{"file":"6-80x65.jpg","width":"80","height":"65","source_url":"https:\/\/www.horsdoeuvre.fr\/wp-content\/uploads\/6-80x65.jpg"},"medium":{"file":"6-191x125.jpg","width":"191","height":"125","source_url":"https:\/\/www.horsdoeuvre.fr\/wp-content\/uploads\/6-191x125.jpg"},"large":{"file":"6-459x300.jpg","width":"459","height":"300","source_url":"https:\/\/www.horsdoeuvre.fr\/wp-content\/uploads\/6-459x300.jpg"},"full":{"file":"6-e1295628550846.jpg","width":270,"height":176,"mime_type":"image\/jpeg","source_url":"https:\/\/www.horsdoeuvre.fr\/wp-content\/uploads\/6-e1295628550846.jpg"}},"image_meta":{"aperture":"0","credit":"","camera":"","caption":"","created_timestamp":"0","copyright":"","focal_length":"0","iso":"0","shutter_speed":"0","title":""}},"post":null,"source_url":"https:\/\/www.horsdoeuvre.fr\/wp-content\/uploads\/6-e1295628550846.jpg","_links":{"self":[{"href":"https:\/\/www.horsdoeuvre.fr\/ru\/wp-json\/wp\/v2\/media\/375"}],"collection":[{"href":"https:\/\/www.horsdoeuvre.fr\/ru\/wp-json\/wp\/v2\/media"}],"about":[{"href":"https:\/\/www.horsdoeuvre.fr\/ru\/wp-json\/wp\/v2\/types\/attachment"}],"author":[{"embeddable":true,"href":"https:\/\/www.horsdoeuvre.fr\/ru\/wp-json\/wp\/v2\/users\/16"}],"replies":[{"embeddable":true,"href":"https:\/\/www.horsdoeuvre.fr\/ru\/wp-json\/wp\/v2\/comments?post=375"}]}}

Le guarana des Sateré-Mawé

<p class="attachment"><a href='https://www.horsdoeuvre.fr/wp-content/uploads/6-e1295628550846.jpg'><img loading="lazy" decoding="async" width="191" height="125" src="https://www.horsdoeuvre.fr/wp-content/uploads/6-191x125.jpg" class="attachment-medium size-medium" alt="João Luiz Bulcão - Le guarana des Sateré-Mawé - 2009 © J.L. Bulcão et Antoine Olivier" srcset="https://www.horsdoeuvre.fr/wp-content/uploads/6-191x125.jpg 191w, https://www.horsdoeuvre.fr/wp-content/uploads/6-459x300.jpg 459w, https://www.horsdoeuvre.fr/wp-content/uploads/6-e1295628550846.jpg 270w" sizes="(max-width: 191px) 100vw, 191px" /></a></p>
<p>Les Gardiens de l&#8217;Amazonie, éditions Autres Brésils, 2010</p>

<p>João Luiz Bulcão &#8212; Le guarana des Sateré-Mawé &#8212; 2009 © J.L. Bulcão et Antoine Olivier</p>

João Luiz Bulcão - Le guarana des Sateré-Mawé - 2009 © J.L. Bulcão et Antoine Olivier
